{"id":1039,"date":"2017-02-12T21:49:26","date_gmt":"2017-02-12T21:49:26","guid":{"rendered":"http:\/\/frsf-nl.de\/?page_id=1039"},"modified":"2017-04-10T21:06:04","modified_gmt":"2017-04-10T21:06:04","slug":"turnier-2017","status":"publish","type":"page","link":"http:\/\/frsf-nl.de\/?page_id=1039","title":{"rendered":"Turnier 2017"},"content":{"rendered":"<p>Wir freuen uns sehr, dass wir dieses Jahr<\/p>\n<p>die<strong>\u00a0Fr\u00e4nkischen Meisterschaften<\/strong><\/p>\n<p>der\u00a0<strong>Einsp\u00e4nner und Zweisp\u00e4nner Pferde und Ponys und der Jugend<\/strong><\/p>\n<p>in Niederlindach austragen d\u00fcrfen!<\/p>\n<p><a href=\"http:\/\/frsf-nl.de\/wp-content\/uploads\/2017\/02\/Plakat1.jpg\"><img loading=\"lazy\" decoding=\"async\" class=\"alignnone size-medium wp-image-1090\" alt=\"Plakat1\" src=\"http:\/\/frsf-nl.de\/wp-content\/uploads\/2017\/02\/Plakat1-353x500.jpg\" width=\"353\" height=\"500\" srcset=\"http:\/\/frsf-nl.de\/wp-content\/uploads\/2017\/02\/Plakat1-353x500.jpg 353w, http:\/\/frsf-nl.de\/wp-content\/uploads\/2017\/02\/Plakat1-723x1024.jpg 723w, http:\/\/frsf-nl.de\/wp-content\/uploads\/2017\/02\/Plakat1-212x300.jpg 212w, http:\/\/frsf-nl.de\/wp-content\/uploads\/2017\/02\/Plakat1.jpg 1240w\" sizes=\"(max-width: 353px) 100vw, 353px\" \/><\/a><\/p>\n<p><strong>Wann: \u00a028.7. &#8211; 30.7.2017<\/strong><\/p>\n<p><strong>Wo: Am Fahrplatz, R\u00f6ttenbacher Weg, 91093 Niederlindach<\/strong><\/p>\n<p>Auf dieser Internetseite k\u00f6nnen Sie sich sowohl als\u00a0<a title=\"Informationen Teilnehmer\" href=\"http:\/\/frsf-nl.de\/?page_id=1052\"><strong>Teilnehmer<\/strong><\/a>, als\u00a0<a title=\"Informationen Besucher\" href=\"http:\/\/frsf-nl.de\/?page_id=1055\"><strong>Besucher<\/strong><\/a>\u00a0oder Helfer \u00fcber die neuesten Entwicklungen informieren!\u00a0<a href=\"https:\/\/goo.gl\/maps\/8BUjZ4WhirR2\"><em>Anfahrt \u00fcber Google Maps<\/em><\/a><\/p>\n<p><strong>Wir Freuen uns sehr auf Ihre Teilnahme und Ihren Besuch!<a href=\"http:\/\/frsf-nl.de\/wp-content\/uploads\/2017\/02\/DSCF77451.jpg\"><img loading=\"lazy\" decoding=\"async\" alt=\"DSCF7745\" src=\"http:\/\/frsf-nl.de\/wp-content\/uploads\/2017\/02\/DSCF77451-500x267.jpg\" width=\"500\" height=\"267\" \/><\/a><\/strong><\/p>\n<p><a title=\"Impressionen Fahrturnier 2010\" href=\"http:\/\/frsf-nl.de\/?page_id=1058\"><em>Impressionen von dem Turnier in Niederlindach 2010<\/em><\/a><\/p>\n<p>Bei weiteren Fragen wenden Sie sich bitte an unseren 1. Vorstand Bernhard Gumbrecht.<\/p>\n","protected":false},"excerpt":{"rendered":"<p>Wir freuen uns sehr, dass wir dieses Jahr die\u00a0Fr\u00e4nkischen Meisterschaften der\u00a0Einsp\u00e4nner und Zweisp\u00e4nner Pferde und Ponys und der Jugend in Niederlindach austragen d\u00fcrfen! Wann: \u00a028.7. &#8211; 30.7.2017 Wo: Am Fahrplatz, R\u00f6ttenbacher Weg, 91093 Niederlindach Auf dieser Internetseite k\u00f6nnen Sie sich &hellip; <a href=\"http:\/\/frsf-nl.de\/?page_id=1039\">Weiterlesen <span class=\"meta-nav\">&rarr;<\/span><\/a><\/p>\n","protected":false},"author":2,"featured_media":0,"parent":0,"menu_order":0,"comment_status":"closed","ping_status":"closed","template":"","meta":{"footnotes":""},"class_list":["post-1039","page","type-page","status-publish","hentry"],"_links":{"self":[{"href":"http:\/\/frsf-nl.de\/index.php?rest_route=\/wp\/v2\/pages\/1039"}],"collection":[{"href":"http:\/\/frsf-nl.de\/index.php?rest_route=\/wp\/v2\/pages"}],"about":[{"href":"http:\/\/frsf-nl.de\/index.php?rest_route=\/wp\/v2\/types\/page"}],"author":[{"embeddable":true,"href":"http:\/\/frsf-nl.de\/index.php?rest_route=\/wp\/v2\/users\/2"}],"replies":[{"embeddable":true,"href":"http:\/\/frsf-nl.de\/index.php?rest_route=%2Fwp%2Fv2%2Fcomments&post=1039"}],"version-history":[{"count":9,"href":"http:\/\/frsf-nl.de\/index.php?rest_route=\/wp\/v2\/pages\/1039\/revisions"}],"predecessor-version":[{"id":1091,"href":"http:\/\/frsf-nl.de\/index.php?rest_route=\/wp\/v2\/pages\/1039\/revisions\/1091"}],"wp:attachment":[{"href":"http:\/\/frsf-nl.de\/index.php?rest_route=%2Fwp%2Fv2%2Fmedia&parent=1039"}],"curies":[{"name":"wp","href":"https:\/\/api.w.org\/{rel}","templated":true}]}}

<p>Wir freuen uns sehr, dass wir dieses Jahr</p>
<p>die<strong> Fränkischen Meisterschaften</strong></p>
<p>der <strong>Einspänner und Zweispänner Pferde und Ponys und der Jugend</strong></p>
<p>in Niederlindach austragen dürfen!</p>
<p><a href="http://frsf-nl.de/wp-content/uploads/2017/02/Plakat1.jpg"><img loading="lazy" decoding="async" class="alignnone size-medium wp-image-1090" alt="Plakat1" src="http://frsf-nl.de/wp-content/uploads/2017/02/Plakat1-353x500.jpg" width="353" height="500" srcset="http://frsf-nl.de/wp-content/uploads/2017/02/Plakat1-353x500.jpg 353w, http://frsf-nl.de/wp-content/uploads/2017/02/Plakat1-723x1024.jpg 723w, http://frsf-nl.de/wp-content/uploads/2017/02/Plakat1-212x300.jpg 212w, http://frsf-nl.de/wp-content/uploads/2017/02/Plakat1.jpg 1240w" sizes="(max-width: 353px) 100vw, 353px" /></a></p>
<p><strong>Wann:  28.7. &#8211; 30.7.2017</strong></p>
<p><strong>Wo: Am Fahrplatz, Röttenbacher Weg, 91093 Niederlindach</strong></p>
<p>Auf dieser Internetseite können Sie sich sowohl als <a title="Informationen Teilnehmer" href="http://frsf-nl.de/?page_id=1052"><strong>Teilnehmer</strong></a>, als <a title="Informationen Besucher" href="http://frsf-nl.de/?page_id=1055"><strong>Besucher</strong></a> oder Helfer über die neuesten Entwicklungen informieren! <a href="https://goo.gl/maps/8BUjZ4WhirR2"><em>Anfahrt über Google Maps</em></a></p>
<p><strong>Wir Freuen uns sehr auf Ihre Teilnahme und Ihren Besuch!<a href="http://frsf-nl.de/wp-content/uploads/2017/02/DSCF77451.jpg"><img loading="lazy" decoding="async" alt="DSCF7745" src="http://frsf-nl.de/wp-content/uploads/2017/02/DSCF77451-500x267.jpg" width="500" height="267" /></a></strong></p>
<p><a title="Impressionen Fahrturnier 2010" href="http://frsf-nl.de/?page_id=1058"><em>Impressionen von dem Turnier in Niederlindach 2010</em></a></p>
<p>Bei weiteren Fragen wenden Sie sich bitte an unseren 1. Vorstand Bernhard Gumbrecht.</p>

<p>Wir freuen uns sehr, dass wir dieses Jahr die Fränkischen Meisterschaften der Einspänner und Zweispänner Pferde und Ponys und der Jugend in Niederlindach austragen dürfen! Wann:  28.7. &#8211; 30.7.2017 Wo: Am Fahrplatz, Röttenbacher Weg, 91093 Niederlindach Auf dieser Internetseite können Sie sich &hellip; <a href="http://frsf-nl.de/?page_id=1039">Weiterlesen <span class="meta-nav">&rarr;</span></a></p>
