{"id":1474,"date":"2024-08-24T07:54:10","date_gmt":"2024-08-24T07:54:10","guid":{"rendered":"http:\/\/frsf-nl.de\/?page_id=1474"},"modified":"2024-09-13T18:55:59","modified_gmt":"2024-09-13T18:55:59","slug":"aktuelles-turnier-2024","status":"publish","type":"page","link":"http:\/\/frsf-nl.de\/?page_id=1474","title":{"rendered":"Aktuelles &#8211; Turnier 2024"},"content":{"rendered":"\n<h1 class=\"wp-block-heading\"><br>Dressurpr\u00fcfungen<\/h1>\n\n\n\n<p id=\"block-39049037-a480-4318-85c3-cd06c2bf13e3\">Herzlichen Gl\u00fcckwunsch an die Sieger und Platzierten der Dressurpr\u00fcfungen!<br><br>Zweisp\u00e4nner Pferde Klasse M:&nbsp;&nbsp;<br>Helena Scheiter, Gerhard Zaunseder, Hans-Lothar Lange<\/p>\n\n\n\n<p id=\"block-5ba896a0-b307-4989-82d5-dfb3b74a40f4\">Zweisp\u00e4nner Pony Klasse M:<br>Christina Wagner, Martin Metzner, Monja Hahn<\/p>\n\n\n\n<p id=\"block-ae649b04-50f6-45f2-a30d-da1585d6c664\">Einsp\u00e4nner Pferde Klasse M:<br>Michael Bastian, Helena Scheiter, J\u00f6rg Richter<\/p>\n\n\n\n<p id=\"block-5565ff05-c99e-4b0b-b208-f6c11a2b5fc4\">Einsp\u00e4nner Pony Klasse M:<br>Kathrin Karosser, Christina Wagner, Stephan Lettl<\/p>\n\n\n\n<p id=\"block-e67677d2-d8a5-4371-8c60-399c69ca512c\">Einsp\u00e4nner Pony und Pferde Klasse A:<br>Gerhard Zaunseder, Sophia Ihnen, Vivien Stammberger<\/p>\n\n\n\n<p id=\"block-eee0611c-be89-4658-8d84-5f445b1a37b5\"><a href=\"https:\/\/fn-erfolgsdaten.de\/show\/191732\">Ergebnislisten<\/a><br><br>Impressionen aus der Dressur:<\/p>\n\n\n\n<figure class=\"wp-block-gallery has-nested-images columns-default is-cropped wp-block-gallery-1 is-layout-flex wp-block-gallery-is-layout-flex\">\n<figure class=\"wp-block-image size-large\"><img loading=\"lazy\" decoding=\"async\" width=\"1024\" height=\"683\" data-id=\"1548\" src=\"https:\/\/frsf-nl.de\/wp-content\/uploads\/2024\/09\/IMG_7740-1-1024x683.jpg\" alt=\"\" class=\"wp-image-1548\" srcset=\"http:\/\/frsf-nl.de\/wp-content\/uploads\/2024\/09\/IMG_7740-1-1024x683.jpg 1024w, http:\/\/frsf-nl.de\/wp-content\/uploads\/2024\/09\/IMG_7740-1-500x333.jpg 500w, http:\/\/frsf-nl.de\/wp-content\/uploads\/2024\/09\/IMG_7740-1-768x512.jpg 768w, http:\/\/frsf-nl.de\/wp-content\/uploads\/2024\/09\/IMG_7740-1-1536x1024.jpg 1536w, http:\/\/frsf-nl.de\/wp-content\/uploads\/2024\/09\/IMG_7740-1-2048x1365.jpg 2048w, http:\/\/frsf-nl.de\/wp-content\/uploads\/2024\/09\/IMG_7740-1-450x300.jpg 450w\" sizes=\"(max-width: 1024px) 100vw, 1024px\" \/><\/figure>\n\n\n\n<figure class=\"wp-block-image size-large\"><img loading=\"lazy\" decoding=\"async\" width=\"1024\" height=\"683\" data-id=\"1544\" src=\"https:\/\/frsf-nl.de\/wp-content\/uploads\/2024\/09\/IMG_7723-2-1024x683.jpg\" alt=\"\" class=\"wp-image-1544\" srcset=\"http:\/\/frsf-nl.de\/wp-content\/uploads\/2024\/09\/IMG_7723-2-1024x683.jpg 1024w, http:\/\/frsf-nl.de\/wp-content\/uploads\/2024\/09\/IMG_7723-2-500x333.jpg 500w, http:\/\/frsf-nl.de\/wp-content\/uploads\/2024\/09\/IMG_7723-2-768x512.jpg 768w, http:\/\/frsf-nl.de\/wp-content\/uploads\/2024\/09\/IMG_7723-2-1536x1024.jpg 1536w, http:\/\/frsf-nl.de\/wp-content\/uploads\/2024\/09\/IMG_7723-2-2048x1365.jpg 2048w, http:\/\/frsf-nl.de\/wp-content\/uploads\/2024\/09\/IMG_7723-2-450x300.jpg 450w\" sizes=\"(max-width: 1024px) 100vw, 1024px\" \/><\/figure>\n\n\n\n<figure class=\"wp-block-image size-large\"><img loading=\"lazy\" decoding=\"async\" width=\"683\" height=\"1024\" data-id=\"1541\" src=\"https:\/\/frsf-nl.de\/wp-content\/uploads\/2024\/09\/IMG_6608-2-683x1024.jpg\" alt=\"\" class=\"wp-image-1541\" srcset=\"http:\/\/frsf-nl.de\/wp-content\/uploads\/2024\/09\/IMG_6608-2-683x1024.jpg 683w, http:\/\/frsf-nl.de\/wp-content\/uploads\/2024\/09\/IMG_6608-2-333x500.jpg 333w, http:\/\/frsf-nl.de\/wp-content\/uploads\/2024\/09\/IMG_6608-2-768x1152.jpg 768w, http:\/\/frsf-nl.de\/wp-content\/uploads\/2024\/09\/IMG_6608-2-1024x1536.jpg 1024w, http:\/\/frsf-nl.de\/wp-content\/uploads\/2024\/09\/IMG_6608-2-1365x2048.jpg 1365w, http:\/\/frsf-nl.de\/wp-content\/uploads\/2024\/09\/IMG_6608-2-200x300.jpg 200w, http:\/\/frsf-nl.de\/wp-content\/uploads\/2024\/09\/IMG_6608-2-scaled.jpg 1707w\" sizes=\"(max-width: 683px) 100vw, 683px\" \/><\/figure>\n\n\n\n<figure class=\"wp-block-image size-large\"><img loading=\"lazy\" decoding=\"async\" width=\"683\" height=\"1024\" data-id=\"1539\" src=\"https:\/\/frsf-nl.de\/wp-content\/uploads\/2024\/09\/IMG_7030-683x1024.jpg\" alt=\"\" class=\"wp-image-1539\" srcset=\"http:\/\/frsf-nl.de\/wp-content\/uploads\/2024\/09\/IMG_7030-683x1024.jpg 683w, http:\/\/frsf-nl.de\/wp-content\/uploads\/2024\/09\/IMG_7030-333x500.jpg 333w, http:\/\/frsf-nl.de\/wp-content\/uploads\/2024\/09\/IMG_7030-768x1152.jpg 768w, http:\/\/frsf-nl.de\/wp-content\/uploads\/2024\/09\/IMG_7030-1024x1536.jpg 1024w, http:\/\/frsf-nl.de\/wp-content\/uploads\/2024\/09\/IMG_7030-1365x2048.jpg 1365w, http:\/\/frsf-nl.de\/wp-content\/uploads\/2024\/09\/IMG_7030-200x300.jpg 200w, http:\/\/frsf-nl.de\/wp-content\/uploads\/2024\/09\/IMG_7030-scaled.jpg 1707w\" sizes=\"(max-width: 683px) 100vw, 683px\" \/><\/figure>\n\n\n\n<figure class=\"wp-block-image size-large\"><img loading=\"lazy\" decoding=\"async\" width=\"1024\" height=\"683\" data-id=\"1534\" src=\"https:\/\/frsf-nl.de\/wp-content\/uploads\/2024\/09\/IMG_8096-1024x683.jpg\" alt=\"\" class=\"wp-image-1534\" srcset=\"http:\/\/frsf-nl.de\/wp-content\/uploads\/2024\/09\/IMG_8096-1024x683.jpg 1024w, http:\/\/frsf-nl.de\/wp-content\/uploads\/2024\/09\/IMG_8096-500x333.jpg 500w, http:\/\/frsf-nl.de\/wp-content\/uploads\/2024\/09\/IMG_8096-768x512.jpg 768w, http:\/\/frsf-nl.de\/wp-content\/uploads\/2024\/09\/IMG_8096-1536x1024.jpg 1536w, http:\/\/frsf-nl.de\/wp-content\/uploads\/2024\/09\/IMG_8096-2048x1365.jpg 2048w, http:\/\/frsf-nl.de\/wp-content\/uploads\/2024\/09\/IMG_8096-450x300.jpg 450w\" sizes=\"(max-width: 1024px) 100vw, 1024px\" \/><\/figure>\n\n\n\n<figure class=\"wp-block-image size-large\"><img loading=\"lazy\" decoding=\"async\" width=\"1024\" height=\"683\" data-id=\"1535\" src=\"https:\/\/frsf-nl.de\/wp-content\/uploads\/2024\/09\/IMG_8170-1024x683.jpg\" alt=\"\" class=\"wp-image-1535\" srcset=\"http:\/\/frsf-nl.de\/wp-content\/uploads\/2024\/09\/IMG_8170-1024x683.jpg 1024w, http:\/\/frsf-nl.de\/wp-content\/uploads\/2024\/09\/IMG_8170-500x333.jpg 500w, http:\/\/frsf-nl.de\/wp-content\/uploads\/2024\/09\/IMG_8170-768x512.jpg 768w, http:\/\/frsf-nl.de\/wp-content\/uploads\/2024\/09\/IMG_8170-1536x1024.jpg 1536w, http:\/\/frsf-nl.de\/wp-content\/uploads\/2024\/09\/IMG_8170-2048x1365.jpg 2048w, http:\/\/frsf-nl.de\/wp-content\/uploads\/2024\/09\/IMG_8170-450x300.jpg 450w\" sizes=\"(max-width: 1024px) 100vw, 1024px\" \/><\/figure>\n\n\n\n<figure class=\"wp-block-image size-large\"><img loading=\"lazy\" decoding=\"async\" width=\"683\" height=\"1024\" data-id=\"1533\" src=\"https:\/\/frsf-nl.de\/wp-content\/uploads\/2024\/09\/IMG_8202-683x1024.jpg\" alt=\"\" class=\"wp-image-1533\" srcset=\"http:\/\/frsf-nl.de\/wp-content\/uploads\/2024\/09\/IMG_8202-683x1024.jpg 683w, http:\/\/frsf-nl.de\/wp-content\/uploads\/2024\/09\/IMG_8202-333x500.jpg 333w, http:\/\/frsf-nl.de\/wp-content\/uploads\/2024\/09\/IMG_8202-768x1152.jpg 768w, http:\/\/frsf-nl.de\/wp-content\/uploads\/2024\/09\/IMG_8202-1024x1536.jpg 1024w, http:\/\/frsf-nl.de\/wp-content\/uploads\/2024\/09\/IMG_8202-1365x2048.jpg 1365w, http:\/\/frsf-nl.de\/wp-content\/uploads\/2024\/09\/IMG_8202-200x300.jpg 200w, http:\/\/frsf-nl.de\/wp-content\/uploads\/2024\/09\/IMG_8202-scaled.jpg 1707w\" sizes=\"(max-width: 683px) 100vw, 683px\" \/><\/figure>\n\n\n\n<figure class=\"wp-block-image size-large\"><img loading=\"lazy\" decoding=\"async\" width=\"683\" height=\"1024\" data-id=\"1532\" src=\"https:\/\/frsf-nl.de\/wp-content\/uploads\/2024\/09\/IMG_7525-683x1024.jpg\" alt=\"\" class=\"wp-image-1532\" srcset=\"http:\/\/frsf-nl.de\/wp-content\/uploads\/2024\/09\/IMG_7525-683x1024.jpg 683w, http:\/\/frsf-nl.de\/wp-content\/uploads\/2024\/09\/IMG_7525-333x500.jpg 333w, http:\/\/frsf-nl.de\/wp-content\/uploads\/2024\/09\/IMG_7525-768x1152.jpg 768w, http:\/\/frsf-nl.de\/wp-content\/uploads\/2024\/09\/IMG_7525-1024x1536.jpg 1024w, http:\/\/frsf-nl.de\/wp-content\/uploads\/2024\/09\/IMG_7525-1365x2048.jpg 1365w, http:\/\/frsf-nl.de\/wp-content\/uploads\/2024\/09\/IMG_7525-200x300.jpg 200w, http:\/\/frsf-nl.de\/wp-content\/uploads\/2024\/09\/IMG_7525-scaled.jpg 1707w\" sizes=\"(max-width: 683px) 100vw, 683px\" \/><\/figure>\n\n\n\n<figure class=\"wp-block-image size-large\"><img loading=\"lazy\" decoding=\"async\" width=\"1024\" height=\"683\" data-id=\"1527\" src=\"https:\/\/frsf-nl.de\/wp-content\/uploads\/2024\/09\/IMG_6427-1024x683.jpg\" alt=\"\" class=\"wp-image-1527\" srcset=\"http:\/\/frsf-nl.de\/wp-content\/uploads\/2024\/09\/IMG_6427-1024x683.jpg 1024w, http:\/\/frsf-nl.de\/wp-content\/uploads\/2024\/09\/IMG_6427-500x333.jpg 500w, http:\/\/frsf-nl.de\/wp-content\/uploads\/2024\/09\/IMG_6427-768x512.jpg 768w, http:\/\/frsf-nl.de\/wp-content\/uploads\/2024\/09\/IMG_6427-1536x1024.jpg 1536w, http:\/\/frsf-nl.de\/wp-content\/uploads\/2024\/09\/IMG_6427-2048x1365.jpg 2048w, http:\/\/frsf-nl.de\/wp-content\/uploads\/2024\/09\/IMG_6427-450x300.jpg 450w\" sizes=\"(max-width: 1024px) 100vw, 1024px\" \/><\/figure>\n\n\n\n<figure class=\"wp-block-image size-large\"><img loading=\"lazy\" decoding=\"async\" width=\"683\" height=\"1024\" data-id=\"1526\" src=\"https:\/\/frsf-nl.de\/wp-content\/uploads\/2024\/09\/IMG_6473-683x1024.jpg\" alt=\"\" class=\"wp-image-1526\" srcset=\"http:\/\/frsf-nl.de\/wp-content\/uploads\/2024\/09\/IMG_6473-683x1024.jpg 683w, http:\/\/frsf-nl.de\/wp-content\/uploads\/2024\/09\/IMG_6473-333x500.jpg 333w, http:\/\/frsf-nl.de\/wp-content\/uploads\/2024\/09\/IMG_6473-768x1152.jpg 768w, http:\/\/frsf-nl.de\/wp-content\/uploads\/2024\/09\/IMG_6473-1024x1536.jpg 1024w, http:\/\/frsf-nl.de\/wp-content\/uploads\/2024\/09\/IMG_6473-1365x2048.jpg 1365w, http:\/\/frsf-nl.de\/wp-content\/uploads\/2024\/09\/IMG_6473-200x300.jpg 200w, http:\/\/frsf-nl.de\/wp-content\/uploads\/2024\/09\/IMG_6473-scaled.jpg 1707w\" sizes=\"(max-width: 683px) 100vw, 683px\" \/><\/figure>\n\n\n\n<figure class=\"wp-block-image size-large\"><img loading=\"lazy\" decoding=\"async\" width=\"1024\" height=\"683\" data-id=\"1524\" src=\"https:\/\/frsf-nl.de\/wp-content\/uploads\/2024\/09\/IMG_6376-1024x683.jpg\" alt=\"\" class=\"wp-image-1524\" srcset=\"http:\/\/frsf-nl.de\/wp-content\/uploads\/2024\/09\/IMG_6376-1024x683.jpg 1024w, http:\/\/frsf-nl.de\/wp-content\/uploads\/2024\/09\/IMG_6376-500x333.jpg 500w, http:\/\/frsf-nl.de\/wp-content\/uploads\/2024\/09\/IMG_6376-768x512.jpg 768w, http:\/\/frsf-nl.de\/wp-content\/uploads\/2024\/09\/IMG_6376-1536x1024.jpg 1536w, http:\/\/frsf-nl.de\/wp-content\/uploads\/2024\/09\/IMG_6376-2048x1365.jpg 2048w, http:\/\/frsf-nl.de\/wp-content\/uploads\/2024\/09\/IMG_6376-450x300.jpg 450w\" sizes=\"(max-width: 1024px) 100vw, 1024px\" \/><\/figure>\n\n\n\n<figure class=\"wp-block-image size-large\"><img loading=\"lazy\" decoding=\"async\" width=\"1024\" height=\"683\" data-id=\"1523\" src=\"https:\/\/frsf-nl.de\/wp-content\/uploads\/2024\/09\/IMG_6333-1024x683.jpg\" alt=\"\" class=\"wp-image-1523\" srcset=\"http:\/\/frsf-nl.de\/wp-content\/uploads\/2024\/09\/IMG_6333-1024x683.jpg 1024w, http:\/\/frsf-nl.de\/wp-content\/uploads\/2024\/09\/IMG_6333-500x333.jpg 500w, http:\/\/frsf-nl.de\/wp-content\/uploads\/2024\/09\/IMG_6333-768x512.jpg 768w, http:\/\/frsf-nl.de\/wp-content\/uploads\/2024\/09\/IMG_6333-1536x1024.jpg 1536w, http:\/\/frsf-nl.de\/wp-content\/uploads\/2024\/09\/IMG_6333-2048x1365.jpg 2048w, http:\/\/frsf-nl.de\/wp-content\/uploads\/2024\/09\/IMG_6333-450x300.jpg 450w\" sizes=\"(max-width: 1024px) 100vw, 1024px\" \/><\/figure>\n\n\n\n<figure class=\"wp-block-image size-large\"><img loading=\"lazy\" decoding=\"async\" width=\"1024\" height=\"683\" data-id=\"1521\" src=\"https:\/\/frsf-nl.de\/wp-content\/uploads\/2024\/09\/IMG_6007-1024x683.jpg\" alt=\"\" class=\"wp-image-1521\" srcset=\"http:\/\/frsf-nl.de\/wp-content\/uploads\/2024\/09\/IMG_6007-1024x683.jpg 1024w, http:\/\/frsf-nl.de\/wp-content\/uploads\/2024\/09\/IMG_6007-500x333.jpg 500w, http:\/\/frsf-nl.de\/wp-content\/uploads\/2024\/09\/IMG_6007-768x512.jpg 768w, http:\/\/frsf-nl.de\/wp-content\/uploads\/2024\/09\/IMG_6007-1536x1024.jpg 1536w, http:\/\/frsf-nl.de\/wp-content\/uploads\/2024\/09\/IMG_6007-2048x1365.jpg 2048w, http:\/\/frsf-nl.de\/wp-content\/uploads\/2024\/09\/IMG_6007-450x300.jpg 450w\" sizes=\"(max-width: 1024px) 100vw, 1024px\" \/><\/figure>\n\n\n\n<figure class=\"wp-block-image size-large\"><img loading=\"lazy\" decoding=\"async\" width=\"1024\" height=\"683\" data-id=\"1520\" src=\"https:\/\/frsf-nl.de\/wp-content\/uploads\/2024\/09\/IMG_5835-1024x683.jpg\" alt=\"\" class=\"wp-image-1520\" srcset=\"http:\/\/frsf-nl.de\/wp-content\/uploads\/2024\/09\/IMG_5835-1024x683.jpg 1024w, http:\/\/frsf-nl.de\/wp-content\/uploads\/2024\/09\/IMG_5835-500x333.jpg 500w, http:\/\/frsf-nl.de\/wp-content\/uploads\/2024\/09\/IMG_5835-768x512.jpg 768w, http:\/\/frsf-nl.de\/wp-content\/uploads\/2024\/09\/IMG_5835-1536x1024.jpg 1536w, http:\/\/frsf-nl.de\/wp-content\/uploads\/2024\/09\/IMG_5835-2048x1365.jpg 2048w, http:\/\/frsf-nl.de\/wp-content\/uploads\/2024\/09\/IMG_5835-450x300.jpg 450w\" sizes=\"(max-width: 1024px) 100vw, 1024px\" \/><\/figure>\n\n\n\n<figure class=\"wp-block-image size-large\"><img loading=\"lazy\" decoding=\"async\" width=\"1024\" height=\"683\" data-id=\"1517\" src=\"https:\/\/frsf-nl.de\/wp-content\/uploads\/2024\/09\/IMG_5680-1024x683.jpg\" alt=\"\" class=\"wp-image-1517\" srcset=\"http:\/\/frsf-nl.de\/wp-content\/uploads\/2024\/09\/IMG_5680-1024x683.jpg 1024w, http:\/\/frsf-nl.de\/wp-content\/uploads\/2024\/09\/IMG_5680-500x333.jpg 500w, http:\/\/frsf-nl.de\/wp-content\/uploads\/2024\/09\/IMG_5680-768x512.jpg 768w, http:\/\/frsf-nl.de\/wp-content\/uploads\/2024\/09\/IMG_5680-1536x1024.jpg 1536w, http:\/\/frsf-nl.de\/wp-content\/uploads\/2024\/09\/IMG_5680-2048x1365.jpg 2048w, http:\/\/frsf-nl.de\/wp-content\/uploads\/2024\/09\/IMG_5680-450x300.jpg 450w\" sizes=\"(max-width: 1024px) 100vw, 1024px\" \/><\/figure>\n<\/figure>\n","protected":false},"excerpt":{"rendered":"<p>Dressurpr\u00fcfungen Herzlichen Gl\u00fcckwunsch an die Sieger und Platzierten der Dressurpr\u00fcfungen! Zweisp\u00e4nner Pferde Klasse M:&nbsp;&nbsp;Helena Scheiter, Gerhard Zaunseder, Hans-Lothar Lange Zweisp\u00e4nner Pony Klasse M:Christina Wagner, Martin Metzner, Monja Hahn Einsp\u00e4nner Pferde Klasse M:Michael Bastian, Helena Scheiter, J\u00f6rg Richter Einsp\u00e4nner Pony Klasse &hellip; <a href=\"http:\/\/frsf-nl.de\/?page_id=1474\">Weiterlesen <span class=\"meta-nav\">&rarr;<\/span><\/a><\/p>\n","protected":false},"author":2,"featured_media":0,"parent":0,"menu_order":0,"comment_status":"closed","ping_status":"closed","template":"","meta":{"footnotes":""},"class_list":["post-1474","page","type-page","status-publish","hentry"],"_links":{"self":[{"href":"http:\/\/frsf-nl.de\/index.php?rest_route=\/wp\/v2\/pages\/1474"}],"collection":[{"href":"http:\/\/frsf-nl.de\/index.php?rest_route=\/wp\/v2\/pages"}],"about":[{"href":"http:\/\/frsf-nl.de\/index.php?rest_route=\/wp\/v2\/types\/page"}],"author":[{"embeddable":true,"href":"http:\/\/frsf-nl.de\/index.php?rest_route=\/wp\/v2\/users\/2"}],"replies":[{"embeddable":true,"href":"http:\/\/frsf-nl.de\/index.php?rest_route=%2Fwp%2Fv2%2Fcomments&post=1474"}],"version-history":[{"count":3,"href":"http:\/\/frsf-nl.de\/index.php?rest_route=\/wp\/v2\/pages\/1474\/revisions"}],"predecessor-version":[{"id":1550,"href":"http:\/\/frsf-nl.de\/index.php?rest_route=\/wp\/v2\/pages\/1474\/revisions\/1550"}],"wp:attachment":[{"href":"http:\/\/frsf-nl.de\/index.php?rest_route=%2Fwp%2Fv2%2Fmedia&parent=1474"}],"curies":[{"name":"wp","href":"https:\/\/api.w.org\/{rel}","templated":true}]}}