{"id":210,"date":"2013-09-10T09:16:55","date_gmt":"2013-09-10T09:16:55","guid":{"rendered":"http:\/\/frsf-nl.de\/?page_id=210"},"modified":"2013-09-10T13:12:44","modified_gmt":"2013-09-10T13:12:44","slug":"vereinsgelande","status":"publish","type":"page","link":"https:\/\/frsf-nl.de\/?page_id=210","title":{"rendered":"Vereinsgel\u00e4nde"},"content":{"rendered":"<p>Der Verein verf\u00fcgt \u00fcber ein weitl\u00e4ufiges Gel\u00e4nde , Platz f\u00fcr zwei gro\u00dfe 40&#215;80 m Dressurpl\u00e4tze (Gras) und 5 Gel\u00e4ndehindernisse, darunter auch ein anspruchvolles Wasserhindernis.<\/p>\n<p><a href=\"http:\/\/frsf-nl.de\/wp-content\/uploads\/2013\/09\/k-DSCF7740.jpg\"><img loading=\"lazy\" decoding=\"async\" class=\"alignnone size-medium wp-image-263\" alt=\"k-DSCF7740\" src=\"http:\/\/frsf-nl.de\/wp-content\/uploads\/2013\/09\/k-DSCF7740-500x375.jpg\" width=\"500\" height=\"375\" srcset=\"https:\/\/frsf-nl.de\/wp-content\/uploads\/2013\/09\/k-DSCF7740-500x375.jpg 500w, https:\/\/frsf-nl.de\/wp-content\/uploads\/2013\/09\/k-DSCF7740-400x300.jpg 400w, https:\/\/frsf-nl.de\/wp-content\/uploads\/2013\/09\/k-DSCF7740.jpg 800w\" sizes=\"(max-width: 500px) 100vw, 500px\" \/><\/a><a href=\"http:\/\/frsf-nl.de\/wp-content\/uploads\/2013\/09\/k-100_7441.jpg\"><img loading=\"lazy\" decoding=\"async\" class=\"alignnone size-medium wp-image-264\" alt=\"k-100_7441\" src=\"http:\/\/frsf-nl.de\/wp-content\/uploads\/2013\/09\/k-100_7441-500x375.jpg\" width=\"500\" height=\"375\" srcset=\"https:\/\/frsf-nl.de\/wp-content\/uploads\/2013\/09\/k-100_7441-500x375.jpg 500w, https:\/\/frsf-nl.de\/wp-content\/uploads\/2013\/09\/k-100_7441-400x300.jpg 400w, https:\/\/frsf-nl.de\/wp-content\/uploads\/2013\/09\/k-100_7441.jpg 800w\" sizes=\"(max-width: 500px) 100vw, 500px\" \/><\/a><\/p>\n<p><a href=\"http:\/\/frsf-nl.de\/wp-content\/uploads\/2013\/09\/100_7478.jpg\"><img loading=\"lazy\" decoding=\"async\" class=\"alignnone size-medium wp-image-262\" alt=\"100_7478\" src=\"http:\/\/frsf-nl.de\/wp-content\/uploads\/2013\/09\/100_7478-500x375.jpg\" width=\"500\" height=\"375\" srcset=\"https:\/\/frsf-nl.de\/wp-content\/uploads\/2013\/09\/100_7478-500x375.jpg 500w, https:\/\/frsf-nl.de\/wp-content\/uploads\/2013\/09\/100_7478-1024x768.jpg 1024w, https:\/\/frsf-nl.de\/wp-content\/uploads\/2013\/09\/100_7478-399x300.jpg 399w\" sizes=\"(max-width: 500px) 100vw, 500px\" \/><\/a><\/p>\n<p>&nbsp;<\/p>\n","protected":false},"excerpt":{"rendered":"<p>Der Verein verf\u00fcgt \u00fcber ein weitl\u00e4ufiges Gel\u00e4nde , Platz f\u00fcr zwei gro\u00dfe 40&#215;80 m Dressurpl\u00e4tze (Gras) und 5 Gel\u00e4ndehindernisse, darunter auch ein anspruchvolles Wasserhindernis. &nbsp;<\/p>\n","protected":false},"author":2,"featured_media":0,"parent":0,"menu_order":0,"comment_status":"closed","ping_status":"closed","template":"","meta":{"footnotes":""},"class_list":["post-210","page","type-page","status-publish","hentry"],"_links":{"self":[{"href":"https:\/\/frsf-nl.de\/index.php?rest_route=\/wp\/v2\/pages\/210"}],"collection":[{"href":"https:\/\/frsf-nl.de\/index.php?rest_route=\/wp\/v2\/pages"}],"about":[{"href":"https:\/\/frsf-nl.de\/index.php?rest_route=\/wp\/v2\/types\/page"}],"author":[{"embeddable":true,"href":"https:\/\/frsf-nl.de\/index.php?rest_route=\/wp\/v2\/users\/2"}],"replies":[{"embeddable":true,"href":"https:\/\/frsf-nl.de\/index.php?rest_route=%2Fwp%2Fv2%2Fcomments&post=210"}],"version-history":[{"count":3,"href":"https:\/\/frsf-nl.de\/index.php?rest_route=\/wp\/v2\/pages\/210\/revisions"}],"predecessor-version":[{"id":261,"href":"https:\/\/frsf-nl.de\/index.php?rest_route=\/wp\/v2\/pages\/210\/revisions\/261"}],"wp:attachment":[{"href":"https:\/\/frsf-nl.de\/index.php?rest_route=%2Fwp%2Fv2%2Fmedia&parent=210"}],"curies":[{"name":"wp","href":"https:\/\/api.w.org\/{rel}","templated":true}]}}